{"id":252,"date":"2020-10-16T10:51:22","date_gmt":"2020-10-16T08:51:22","guid":{"rendered":"http:\/\/peterustinovschule.de\/?page_id=252"},"modified":"2024-11-26T09:07:16","modified_gmt":"2024-11-26T08:07:16","slug":"schulfoerderverein","status":"publish","type":"page","link":"https:\/\/peterustinovschule.de\/?page_id=252","title":{"rendered":"Schulf\u00f6rderverein"},"content":{"rendered":"\n<figure class=\"wp-block-image size-large is-style-rounded\"><img decoding=\"async\" loading=\"lazy\" width=\"1024\" height=\"578\" src=\"https:\/\/peterustinovschule.de\/wp-content\/uploads\/2024\/11\/DSC_0745-21-1024x578.jpg\" alt=\"\" class=\"wp-image-4433\" srcset=\"https:\/\/peterustinovschule.de\/wp-content\/uploads\/2024\/11\/DSC_0745-21-1024x578.jpg 1024w, https:\/\/peterustinovschule.de\/wp-content\/uploads\/2024\/11\/DSC_0745-21-300x169.jpg 300w, https:\/\/peterustinovschule.de\/wp-content\/uploads\/2024\/11\/DSC_0745-21-768x433.jpg 768w, https:\/\/peterustinovschule.de\/wp-content\/uploads\/2024\/11\/DSC_0745-21-1536x866.jpg 1536w, https:\/\/peterustinovschule.de\/wp-content\/uploads\/2024\/11\/DSC_0745-21-532x300.jpg 532w, https:\/\/peterustinovschule.de\/wp-content\/uploads\/2024\/11\/DSC_0745-21.jpg 1929w\" sizes=\"(max-width: 1024px) 100vw, 1024px\" \/><\/figure>\n\n\n\n<p>Stand 24.11.2024<\/p>\n\n\n\n<p><strong>Der Schulf\u00f6rderverein<\/strong><\/p>\n\n\n\n<p>B\u00fccherkisten f\u00fcr die neuen f\u00fcnften Klassen, Material f\u00fcr die Modellbahn-AG, die Segel-AG oder die Fahrradwerkstatt \u2013 finanzielle Unterst\u00fctzung f\u00fcr Exkursionen, Schwimmtage, Lesungen, Fahrten zu Sportturnieren \u2013 Bezuschussung von Theaterprojekten oder Sch\u00fcleraustauschprogrammen \u2013 diese Liste lie\u00dfe sich noch fortsetzen, um zu zeigen, wie wichtig der Schulf\u00f6rderverein f\u00fcr zahlreiche Aktivit\u00e4ten unserer Schule ist. Die Unterst\u00fctzung ist vielf\u00e4ltig und breit gestreut und kommt vielen unterschiedlichen Interessen der Sch\u00fclerinnen und Sch\u00fcler entgegen. Auch die Pr\u00e4ventionsarbeit hat in den letzten Jahren von der Unterst\u00fctzung des Vereins profitiert: die Ausbildung von Streitschlichtern, Sch\u00fclerpaten oder die Einladung kompetenter externer Referenten w\u00e4re allein aus schulischen Mitteln nicht m\u00f6glich gewesen. Wichtig ist der Schulf\u00f6rderverein auch f\u00fcr das Gemeinschaftsleben zwischen Sch\u00fclerinnen und Sch\u00fclern, Eltern und Lehrkr\u00e4ften.<\/p>\n\n\n\n<p>Den Schulf\u00f6rderverein gibt es ebenso lange wie die Peter-Ustinov-Schule und \u00fcber die Jahre haben sich immer wieder Eltern und Lehrkr\u00e4fte gefunden, die durch ihr ehrenamtliches Engagement die Arbeit des Vereins tragen. Im Mai 2024 hat sich der Vorstand neu zusammengesetzt. Aus der Elternschaft hat Yvonne Gr\u00fcnwald das Amt der ersten Vorsitzenden \u00fcbernommen. Zweite Vorsitzende bleibt Corinna Waller (ebenfalls aus der Elternschaft), Axel Jacobsen (Lehrkraft) k\u00fcmmert sich weiterhin um die Finanzen des Vereins.<br><br>Damit der Schulf\u00f6rderverein weiterhin \u201ewie selbstverst\u00e4ndlich\u201c erfolgreich arbeiten kann, ist er nach wie vor auf zahlreiche Mitglieder und ihre Vereinsbeitr\u00e4ge angewiesen.<br>Wir freuen uns deshalb besonders dar\u00fcber, dass gerade aus den neuen 5. Klassen viele neue Mitgliedschaften beworben werden konnten und wir insgesamt \u00fcber eine solide finanzielle Basis verf\u00fcgen.<br><em>&nbsp;Nicola Lange (Schriftwartin)<\/em><\/p>\n\n\n\n<p><\/p>\n\n\n\n<div class=\"wp-block-file\"><a id=\"wp-block-file--media-89486d3b-79e3-47d8-b3b4-acfbac437c61\" href=\"http:\/\/peterustinovschule.de\/wp-content\/uploads\/2022\/08\/FlyerSchulfoerderverein2021-1.pdf\">FlyerSchulf\u00f6rderverein2021<\/a><a href=\"http:\/\/peterustinovschule.de\/wp-content\/uploads\/2022\/08\/FlyerSchulfoerderverein2021-1.pdf\" class=\"wp-block-file__button wp-element-button\" download aria-describedby=\"wp-block-file--media-89486d3b-79e3-47d8-b3b4-acfbac437c61\">Herunterladen<\/a><\/div>\n\n\n\n<div class=\"wp-block-file\"><a id=\"wp-block-file--media-7091bac3-b077-4561-88cd-45b91a8c957f\" href=\"https:\/\/peterustinovschule.de\/wp-content\/uploads\/2023\/05\/Beitrittserklaerung-Schulfoerderverein-ausfuellbar.pdf\">Beitrittserklaerung Schulfoerderverein ausfuellbar<\/a><a href=\"https:\/\/peterustinovschule.de\/wp-content\/uploads\/2023\/05\/Beitrittserklaerung-Schulfoerderverein-ausfuellbar.pdf\" class=\"wp-block-file__button wp-element-button\" download aria-describedby=\"wp-block-file--media-7091bac3-b077-4561-88cd-45b91a8c957f\">Herunterladen<\/a><\/div>\n","protected":false},"excerpt":{"rendered":"<p>Stand 24.11.2024 Der Schulf\u00f6rderverein B\u00fccherkisten f\u00fcr die neuen f\u00fcnften Klassen, Material f\u00fcr die Modellbahn-AG, die Segel-AG oder die Fahrradwerkstatt \u2013 finanzielle Unterst\u00fctzung f\u00fcr Exkursionen, Schwimmtage, &hellip;<\/p>\n","protected":false},"author":1,"featured_media":0,"parent":0,"menu_order":0,"comment_status":"closed","ping_status":"closed","template":"","meta":{"footnotes":""},"_links":{"self":[{"href":"https:\/\/peterustinovschule.de\/index.php?rest_route=\/wp\/v2\/pages\/252"}],"collection":[{"href":"https:\/\/peterustinovschule.de\/index.php?rest_route=\/wp\/v2\/pages"}],"about":[{"href":"https:\/\/peterustinovschule.de\/index.php?rest_route=\/wp\/v2\/types\/page"}],"author":[{"embeddable":true,"href":"https:\/\/peterustinovschule.de\/index.php?rest_route=\/wp\/v2\/users\/1"}],"replies":[{"embeddable":true,"href":"https:\/\/peterustinovschule.de\/index.php?rest_route=%2Fwp%2Fv2%2Fcomments&post=252"}],"version-history":[{"count":0,"href":"https:\/\/peterustinovschule.de\/index.php?rest_route=\/wp\/v2\/pages\/252\/revisions"}],"wp:attachment":[{"href":"https:\/\/peterustinovschule.de\/index.php?rest_route=%2Fwp%2Fv2%2Fmedia&parent=252"}],"curies":[{"name":"wp","href":"https:\/\/api.w.org\/{rel}","templated":true}]}}