{"id":1585,"date":"2022-09-16T15:25:28","date_gmt":"2022-09-16T13:25:28","guid":{"rendered":"http:\/\/peterustinovschule.de\/?page_id=1585"},"modified":"2025-02-03T20:04:01","modified_gmt":"2025-02-03T19:04:01","slug":"aufnahmekriterien-2","status":"publish","type":"page","link":"https:\/\/peterustinovschule.de\/?page_id=1585","title":{"rendered":"Aufnahmekriterien"},"content":{"rendered":"\n<p>Aufnahmekriterien<\/p>\n\n\n\n<p>Beschluss der Schulkonferenz der Peter-Ustinov-Schule vom 30.01.2025Die Schulkonferenz hat folgende Kriterien f\u00fcr die Sch\u00fcleraufnahme an der Peter-Ustinov-Schule am30.01.2025 (18:02-18:46 Uhr) beschlossen (Grundlage ist der Erlass zur Festlegung derAufnahmem\u00f6glichkeiten an den weiterf\u00fchrenden allgemein bildenden Schulen sowie Empfehlungenzur Bestimmung der zust\u00e4ndigen Schule und der Aufnahmemerkmale vom 21. Nov. 2011 zuletztge\u00e4ndert am 15. Jan. 2015)<\/p>\n\n\n\n<p>1. Aufgenommen werden alle Kinder, f\u00fcr die nach den Koordinierungsgespr\u00e4chen gem\u00e4\u00df \u00a7 5, 7 der Landesverordnung \u00fcber sonderp\u00e4dagogische F\u00f6rderung die Peter-Ustinov-Schule der beste F\u00f6rderort ist.<\/p>\n\n\n\n<p>2. Ber\u00fccksichtigt werden Sch\u00fclerinnen und Sch\u00fcler, f\u00fcr die die Aufnahme an einer anderen Schuleunzumutbar w\u00e4re (H\u00e4rtefall).<\/p>\n\n\n\n<p>3. Besonderer Aufnahmegrund ist die festgestellte Hochbegabung. F\u00fcr die Aufnahme aus diesem Grund werden 5% der Aufnahmekapazit\u00e4t reserviert.<\/p>\n\n\n\n<p>4. Geschwisterkinder werden vorrangig aufgenommen. Ein Geschwisterkind oder ein Kind ausdemselben Haushalt ist in dem Schuljahr, f\u00fcr das die Aufnahme beantragt worden ist, noch Sch\u00fclerin oder Sch\u00fcler an der Peter-Ustinov-Schule Eckernf\u00f6rde.<\/p>\n\n\n\n<p>5. Gem\u00e4\u00df \u00a76 Abs. 5 der Landesverordnung \u00fcber Gemeinschaftsschulen werden Sch\u00fclerinnen und Sch\u00fcler aller Leistungsst\u00e4rken angemessen ber\u00fccksichtigt. F\u00fcr besondere St\u00e4rken im Bereich \u201e\u00dcberfachliche Kompetenzen\u201c werden 20% der Aufnahmekapazit\u00e4t reserviert. Ermittelt werden diese Leistungsst\u00e4rken auf der Basis des vorgelegten Grundschulzeugnisses, wenn die abgebende Grundschule die Zeugnisse gem\u00e4\u00df \u00a76 Absatz 3 Satz 3 der Landesverordnung \u00fcber Grundschulen in Kombination mit dem Erlass Zeugnisse in der Grundschule und Schul\u00fcbergangsempfehlung, Erlass des Ministeriums f\u00fcr Bildung, Wissenschaft und Kultur vom 29. Juni 2018 \u2013 III 30, Punkt 2, Satz 4 unter Verwendung der Kann-Vorlage (Anlage 4) ausgestellt hat oder das Raster der \u00dcberfachlichen Kompetenzen aus Anlage 4 in Kombination mit einem Notenzeugnis verwendet hat. Ist dies nicht der Fall, enth\u00e4lt das Zeugnis gem\u00e4\u00df \u00a77 Absatz 1 Punkt 1 ZVO Beschl\u00fcsse der Klassenkonferenz zur verbalen oder tabellarischen Beschreibung des allgemeinen Lernverhaltens unddes Sozialverhaltens. Dabei sind f\u00fcr das allgemeine Lernverhalten die Kriterien Arbeitsorganisation, Anwendung von Methoden, Konzentration, Selbstst\u00e4ndigkeit und Engagement zu ber\u00fccksichtigen, die Aussagen \u00fcber das Sozialverhalten beziehen sich auf die Kriterien Teamf\u00e4higkeit und Konfliktf\u00e4higkeit. Die hier genannten Kriterien sind identisch mit den \u00fcberfachlichen Kompetenzengem\u00e4\u00df der in der genannten Anlage 4 genannten Zeugnisvorlage. Um die erforderliche Gleichbehandlung zu gew\u00e4hrleisten, werden die Angaben gem\u00e4\u00df \u00a77 Absatz 1 Punkt 1 ZVO zu demRaster der \u00fcberfachlichen Kompetenzen (Anlage 4) in Analogie gesetzt.<\/p>\n\n\n\n<p>6. Gibt es nach Durchf\u00fchrung der Punkte 1-5 des Aufnahmeverfahrens noch mehr Bewerberinnen und Bewerber als freie Pl\u00e4tze, werden die verbleibenden freien Pl\u00e4tze im f\u00fcnften Schritt des Aufnahmeverfahrens im Losverfahren vergeben. Mehrlinge werden dabei auf einem Los notiert. Wird dieses Los gezogen, werden somit alle Bewerberinnen und Bewerber auf diesem Los aufgenommen. Dadurch erh\u00f6ht sich nicht die Gesamtzahl der aufzunehmenden Bewerberinnen und Bewerber.<\/p>\n\n\n\n<div class=\"wp-block-file\"><a id=\"wp-block-file--media-e1814204-4749-4149-9aad-dd6b2c216f12\" href=\"https:\/\/peterustinovschule.de\/wp-content\/uploads\/2025\/02\/aufnahmekriterien_2025.pdf\">aufnahmekriterien_2025<\/a><a href=\"https:\/\/peterustinovschule.de\/wp-content\/uploads\/2025\/02\/aufnahmekriterien_2025.pdf\" class=\"wp-block-file__button wp-element-button\" download aria-describedby=\"wp-block-file--media-e1814204-4749-4149-9aad-dd6b2c216f12\">Herunterladen<\/a><\/div>\n","protected":false},"excerpt":{"rendered":"<p>Aufnahmekriterien Beschluss der Schulkonferenz der Peter-Ustinov-Schule vom 30.01.2025Die Schulkonferenz hat folgende Kriterien f\u00fcr die Sch\u00fcleraufnahme an der Peter-Ustinov-Schule am30.01.2025 (18:02-18:46 Uhr) beschlossen (Grundlage ist der &hellip;<\/p>\n","protected":false},"author":1,"featured_media":0,"parent":0,"menu_order":0,"comment_status":"closed","ping_status":"closed","template":"","meta":{"footnotes":""},"_links":{"self":[{"href":"https:\/\/peterustinovschule.de\/index.php?rest_route=\/wp\/v2\/pages\/1585"}],"collection":[{"href":"https:\/\/peterustinovschule.de\/index.php?rest_route=\/wp\/v2\/pages"}],"about":[{"href":"https:\/\/peterustinovschule.de\/index.php?rest_route=\/wp\/v2\/types\/page"}],"author":[{"embeddable":true,"href":"https:\/\/peterustinovschule.de\/index.php?rest_route=\/wp\/v2\/users\/1"}],"replies":[{"embeddable":true,"href":"https:\/\/peterustinovschule.de\/index.php?rest_route=%2Fwp%2Fv2%2Fcomments&post=1585"}],"version-history":[{"count":0,"href":"https:\/\/peterustinovschule.de\/index.php?rest_route=\/wp\/v2\/pages\/1585\/revisions"}],"wp:attachment":[{"href":"https:\/\/peterustinovschule.de\/index.php?rest_route=%2Fwp%2Fv2%2Fmedia&parent=1585"}],"curies":[{"name":"wp","href":"https:\/\/api.w.org\/{rel}","templated":true}]}}