{"id":1571,"date":"2022-09-16T14:30:41","date_gmt":"2022-09-16T12:30:41","guid":{"rendered":"http:\/\/peterustinovschule.de\/?page_id=1571"},"modified":"2023-03-18T19:06:29","modified_gmt":"2023-03-18T18:06:29","slug":"seniorpartner-in-school-sis","status":"publish","type":"page","link":"https:\/\/peterustinovschule.de\/?page_id=1571","title":{"rendered":"Seniorpartner in School (SiS)"},"content":{"rendered":"\n<p><\/p>\n\n\n\n<div class=\"wp-block-columns is-layout-flex wp-container-3 wp-block-columns-is-layout-flex\">\n<div class=\"wp-block-column is-layout-flow wp-block-column-is-layout-flow\"><div class=\"wp-block-image\">\n<figure class=\"alignleft size-large is-resized\"><img decoding=\"async\" loading=\"lazy\" src=\"http:\/\/peterustinovschule.de\/wp-content\/uploads\/2023\/01\/PUS-Foto-Rainer-Kreye-775x1024.jpg\" alt=\"\" class=\"wp-image-2128\" width=\"209\" height=\"276\" srcset=\"https:\/\/peterustinovschule.de\/wp-content\/uploads\/2023\/01\/PUS-Foto-Rainer-Kreye-775x1024.jpg 775w, https:\/\/peterustinovschule.de\/wp-content\/uploads\/2023\/01\/PUS-Foto-Rainer-Kreye-227x300.jpg 227w, https:\/\/peterustinovschule.de\/wp-content\/uploads\/2023\/01\/PUS-Foto-Rainer-Kreye-768x1015.jpg 768w, https:\/\/peterustinovschule.de\/wp-content\/uploads\/2023\/01\/PUS-Foto-Rainer-Kreye.jpg 1104w\" sizes=\"(max-width: 209px) 100vw, 209px\" \/><figcaption class=\"wp-element-caption\">Rainer Kreye<\/figcaption><\/figure><\/div><\/div>\n\n\n\n<div class=\"wp-block-column is-layout-flow wp-block-column-is-layout-flow\"><div class=\"wp-block-image\">\n<figure class=\"alignleft size-large is-resized\"><img decoding=\"async\" loading=\"lazy\" src=\"http:\/\/peterustinovschule.de\/wp-content\/uploads\/2023\/01\/PUS-Foto-Sigrid-Kreye-778x1024.jpg\" alt=\"\" class=\"wp-image-2129\" width=\"206\" height=\"271\" srcset=\"https:\/\/peterustinovschule.de\/wp-content\/uploads\/2023\/01\/PUS-Foto-Sigrid-Kreye-778x1024.jpg 778w, https:\/\/peterustinovschule.de\/wp-content\/uploads\/2023\/01\/PUS-Foto-Sigrid-Kreye-228x300.jpg 228w, https:\/\/peterustinovschule.de\/wp-content\/uploads\/2023\/01\/PUS-Foto-Sigrid-Kreye-768x1010.jpg 768w, https:\/\/peterustinovschule.de\/wp-content\/uploads\/2023\/01\/PUS-Foto-Sigrid-Kreye-1168x1536.jpg 1168w, https:\/\/peterustinovschule.de\/wp-content\/uploads\/2023\/01\/PUS-Foto-Sigrid-Kreye.jpg 1170w\" sizes=\"(max-width: 206px) 100vw, 206px\" \/><figcaption class=\"wp-element-caption\">Sigrid Kreye<\/figcaption><\/figure><\/div><\/div>\n<\/div>\n\n\n\n<div class=\"wp-block-columns is-layout-flex wp-container-6 wp-block-columns-is-layout-flex\">\n<div class=\"wp-block-column is-layout-flow wp-block-column-is-layout-flow\"><div class=\"wp-block-image\">\n<figure class=\"alignleft size-large is-resized\"><img decoding=\"async\" loading=\"lazy\" src=\"http:\/\/peterustinovschule.de\/wp-content\/uploads\/2023\/01\/PUS-Foto-Rudolf-Heyers-758x1024.jpg\" alt=\"\" class=\"wp-image-2130\" width=\"210\" height=\"282\"\/><figcaption class=\"wp-element-caption\">Rudolf Heyers<\/figcaption><\/figure><\/div><\/div>\n\n\n\n<div class=\"wp-block-column is-layout-flow wp-block-column-is-layout-flow\"><div class=\"wp-block-image\">\n<figure class=\"alignleft size-full is-resized\"><img decoding=\"async\" src=\"http:\/\/peterustinovschule.de\/wp-content\/uploads\/2023\/01\/PUS-Foto-Gerhild-Lassen-Pradella.jpg\" alt=\"\" class=\"wp-image-2131\" width=\"-18\" height=\"-13\" srcset=\"https:\/\/peterustinovschule.de\/wp-content\/uploads\/2023\/01\/PUS-Foto-Gerhild-Lassen-Pradella.jpg 451w, https:\/\/peterustinovschule.de\/wp-content\/uploads\/2023\/01\/PUS-Foto-Gerhild-Lassen-Pradella-300x221.jpg 300w\" sizes=\"(max-width: 451px) 100vw, 451px\" \/><figcaption class=\"wp-element-caption\">Gerhild Lassen-Pradella<\/figcaption><\/figure><\/div><\/div>\n<\/div>\n\n\n\n<p><strong>Wir \u00fcber uns<\/strong><\/p>\n\n\n\n<p>Seit dem Schuljahr 2019\/2020 sind Senior-Partner an der Peter-Ustinov-Schule und werden seit dem<\/p>\n\n\n\n<p>Sp\u00e4tsommer 2020 vertreten durch uns drei: Rudolf Heyers, Sigrid Kreye, Rainer Kreye und seit Anfang 2023 verst\u00e4rkt durch Gerhild Lassen-Pradella<\/p>\n\n\n\n<p><strong>Wir sind da<\/strong><\/p>\n\n\n\n<p>montags und donnerstags, jeweils von 8:50 \u2013 13:30 (1.-4. Stunde) in den Pausen und auch w\u00e4hrend der Stunde bei Bedarf (mit Zustimmung des Lehrers\/in).<\/p>\n\n\n\n<p><strong>Wo<\/strong><\/p>\n\n\n\n<p>im Raum 47 (neben dem DaZ-Bereich)<\/p>\n\n\n\n<p>Email: <a href=\"mailto:sis@pus-eck.org\">sis@pus-eck.org<\/a><\/p>\n\n\n\n<p><\/p>\n\n\n\n<p><strong>Was m\u00f6chten wir<\/strong><\/p>\n\n\n\n<p>Mit unseren Angeboten wollen wir Sch\u00fclerinnen und Sch\u00fclern Hilfe zur Selbsthilfe geben.<\/p>\n\n\n\n<ol>\n<li>Wir m\u00f6chten gemeinsam Wege aus ihren Konflikten entdecken, die ohne Gewalt auskommen und stattdessen zu L\u00f6sungen f\u00fchren, die alle Beteiligten zufrieden stellen.<\/li>\n\n\n\n<li>Wir m\u00f6chten Wege aufzeigen, die zur Entwicklung und Entfaltung ihrer pers\u00f6nlichen und sozialen St\u00e4rken beitragen.<\/li>\n<\/ol>\n\n\n\n<p><strong>Wir h\u00f6ren zu:<\/strong><\/p>\n\n\n\n<p>geduldig, aufmerksam, wertsch\u00e4tzend. Dabei achten wir darauf, dass aufseiten der Sch\u00fclerinnen und Sch\u00fcler Gef\u00fchle, die Bed\u00fcrfnisse dahinter und taugliche Ans\u00e4tze zu deren Erf\u00fcllung ihren Platz bekommen.<\/p>\n\n\n\n<p>Wir setzen darauf, dass unser Beitrag den Sch\u00fclerinnen und Sch\u00fclern den Umgang mit Belastungen und Sorgen erleichtert und sie dadurch freier f\u00fcr die Konzentration auf schulische Aufgaben macht.<\/p>\n\n\n\n<p>Wir verstehen uns als Erg\u00e4nzung zu den bereits verf\u00fcgbaren Unterst\u00fctzungsangeboten der PUS mit der Besonderheit, dass wir keine zeitlichen oder inhaltlichen Vorgaben zu erf\u00fcllen haben und nur dem Wohl der Sch\u00fclerinnen und Sch\u00fcler und ihrer Gemeinschaft verpflichtet sind. Wir sind einfach erreichbar, sichern durch Verschwiegenheit einen sch\u00fctzenden Gespr\u00e4chsrahmen und verstehen uns auf die Haltung der Gewaltfreien Kommunikation und das Konfliktl\u00f6sungsverfahren der Mediation. Wir nutzen unsere Freiheit im Einklang mit Aufgaben der Schule; daf\u00fcr genie\u00dfen wir deren Vertrauen.<\/p>\n\n\n\n<p>\u201eSeniorpartner in School&#8221; (SiS) ist ein gemeinn\u00fctziger Verein, der ehrenamtlich einen Beitrag zum Br\u00fcckenschlag zwischen Alt und Jung leistet. Die Idee fand ihren Anfang 2001 in Berlin und weitete sich auf viele Bundesl\u00e4nder aus. Der Verein erm\u00f6glicht interessierten Menschen nach ihrem Erwerbsleben eine qualifizierte Grundausbildung als Schulmediator*innen nach den Richtlinien des Bundesverbands f\u00fcr Mediation e. V. Weitere Informationen zu SiS finden sich auf der Homepage des Bundesverbands ( https:\/\/www.seniorpartnerinschool.de ) sowie des Landesverbands Schleswig-Holstein ( http:\/\/www. sis-schleswig-holstein.de ).<\/p>\n\n\n\n<p>Hier findet ihr unseren Team-Flyer:<\/p>\n\n\n\n<div class=\"wp-block-file\"><a id=\"wp-block-file--media-ccd2398a-6f17-417c-97ff-cfb68a52d439\" href=\"http:\/\/peterustinovschule.de\/wp-content\/uploads\/2023\/01\/Flyer-fuer-Schueler.pdf\">Flyer-fuer-Schueler<\/a><a href=\"http:\/\/peterustinovschule.de\/wp-content\/uploads\/2023\/01\/Flyer-fuer-Schueler.pdf\" class=\"wp-block-file__button wp-element-button\" download aria-describedby=\"wp-block-file--media-ccd2398a-6f17-417c-97ff-cfb68a52d439\">Herunterladen<\/a><\/div>\n\n\n\n<div class=\"wp-block-file\"><a id=\"wp-block-file--media-eec92885-9f7e-4b17-8ff9-1973a8cff17f\" href=\"http:\/\/peterustinovschule.de\/wp-content\/uploads\/2022\/09\/FAQ-fu\u0308r-Eltern-1.pdf\">FAQ-fu\u0308r-Eltern-1<\/a><a href=\"http:\/\/peterustinovschule.de\/wp-content\/uploads\/2022\/09\/FAQ-fu\u0308r-Eltern-1.pdf\" class=\"wp-block-file__button wp-element-button\" download aria-describedby=\"wp-block-file--media-eec92885-9f7e-4b17-8ff9-1973a8cff17f\">Herunterladen<\/a><\/div>\n\n\n\n<div class=\"wp-block-file\"><a id=\"wp-block-file--media-5b74c739-e1ea-4e04-a973-ef898e44e0b5\" href=\"http:\/\/peterustinovschule.de\/wp-content\/uploads\/2022\/09\/FAQ-fu\u0308r-Lehrkra\u0308fte.pdf\">FAQ fu\u0308r Lehrkra\u0308fte<\/a><a href=\"http:\/\/peterustinovschule.de\/wp-content\/uploads\/2022\/09\/FAQ-fu\u0308r-Lehrkra\u0308fte.pdf\" class=\"wp-block-file__button wp-element-button\" download aria-describedby=\"wp-block-file--media-5b74c739-e1ea-4e04-a973-ef898e44e0b5\">Herunterladen<\/a><\/div>\n\n\n\n<div class=\"wp-block-file\"><a id=\"wp-block-file--media-10089eec-9f0a-44f8-b6e7-4f21b69f7157\" href=\"http:\/\/peterustinovschule.de\/wp-content\/uploads\/2022\/09\/FAQ-fu\u0308r-Schu\u0308erInnen.pdf\">FAQ fu\u0308r Schu\u0308erInnen<\/a><a href=\"http:\/\/peterustinovschule.de\/wp-content\/uploads\/2022\/09\/FAQ-fu\u0308r-Schu\u0308erInnen.pdf\" class=\"wp-block-file__button wp-element-button\" download aria-describedby=\"wp-block-file--media-10089eec-9f0a-44f8-b6e7-4f21b69f7157\">Herunterladen<\/a><\/div>\n","protected":false},"excerpt":{"rendered":"<p>Wir \u00fcber uns Seit dem Schuljahr 2019\/2020 sind Senior-Partner an der Peter-Ustinov-Schule und werden seit dem Sp\u00e4tsommer 2020 vertreten durch uns drei: Rudolf Heyers, Sigrid &hellip;<\/p>\n","protected":false},"author":1,"featured_media":1562,"parent":0,"menu_order":0,"comment_status":"closed","ping_status":"closed","template":"","meta":{"footnotes":""},"_links":{"self":[{"href":"https:\/\/peterustinovschule.de\/index.php?rest_route=\/wp\/v2\/pages\/1571"}],"collection":[{"href":"https:\/\/peterustinovschule.de\/index.php?rest_route=\/wp\/v2\/pages"}],"about":[{"href":"https:\/\/peterustinovschule.de\/index.php?rest_route=\/wp\/v2\/types\/page"}],"author":[{"embeddable":true,"href":"https:\/\/peterustinovschule.de\/index.php?rest_route=\/wp\/v2\/users\/1"}],"replies":[{"embeddable":true,"href":"https:\/\/peterustinovschule.de\/index.php?rest_route=%2Fwp%2Fv2%2Fcomments&post=1571"}],"version-history":[{"count":0,"href":"https:\/\/peterustinovschule.de\/index.php?rest_route=\/wp\/v2\/pages\/1571\/revisions"}],"wp:featuredmedia":[{"embeddable":true,"href":"https:\/\/peterustinovschule.de\/index.php?rest_route=\/wp\/v2\/media\/1562"}],"wp:attachment":[{"href":"https:\/\/peterustinovschule.de\/index.php?rest_route=%2Fwp%2Fv2%2Fmedia&parent=1571"}],"curies":[{"name":"wp","href":"https:\/\/api.w.org\/{rel}","templated":true}]}}

<p></p>



<div class="wp-block-columns is-layout-flex wp-container-3 wp-block-columns-is-layout-flex">
<div class="wp-block-column is-layout-flow wp-block-column-is-layout-flow"><div class="wp-block-image">
<figure class="alignleft size-large is-resized"><img decoding="async" loading="lazy" src="http://peterustinovschule.de/wp-content/uploads/2023/01/PUS-Foto-Rainer-Kreye-775x1024.jpg" alt="" class="wp-image-2128" width="209" height="276" srcset="https://peterustinovschule.de/wp-content/uploads/2023/01/PUS-Foto-Rainer-Kreye-775x1024.jpg 775w, https://peterustinovschule.de/wp-content/uploads/2023/01/PUS-Foto-Rainer-Kreye-227x300.jpg 227w, https://peterustinovschule.de/wp-content/uploads/2023/01/PUS-Foto-Rainer-Kreye-768x1015.jpg 768w, https://peterustinovschule.de/wp-content/uploads/2023/01/PUS-Foto-Rainer-Kreye.jpg 1104w" sizes="(max-width: 209px) 100vw, 209px" /><figcaption class="wp-element-caption">Rainer Kreye</figcaption></figure></div></div>



<div class="wp-block-column is-layout-flow wp-block-column-is-layout-flow"><div class="wp-block-image">
<figure class="alignleft size-large is-resized"><img decoding="async" loading="lazy" src="http://peterustinovschule.de/wp-content/uploads/2023/01/PUS-Foto-Sigrid-Kreye-778x1024.jpg" alt="" class="wp-image-2129" width="206" height="271" srcset="https://peterustinovschule.de/wp-content/uploads/2023/01/PUS-Foto-Sigrid-Kreye-778x1024.jpg 778w, https://peterustinovschule.de/wp-content/uploads/2023/01/PUS-Foto-Sigrid-Kreye-228x300.jpg 228w, https://peterustinovschule.de/wp-content/uploads/2023/01/PUS-Foto-Sigrid-Kreye-768x1010.jpg 768w, https://peterustinovschule.de/wp-content/uploads/2023/01/PUS-Foto-Sigrid-Kreye-1168x1536.jpg 1168w, https://peterustinovschule.de/wp-content/uploads/2023/01/PUS-Foto-Sigrid-Kreye.jpg 1170w" sizes="(max-width: 206px) 100vw, 206px" /><figcaption class="wp-element-caption">Sigrid Kreye</figcaption></figure></div></div>
</div>



<div class="wp-block-columns is-layout-flex wp-container-6 wp-block-columns-is-layout-flex">
<div class="wp-block-column is-layout-flow wp-block-column-is-layout-flow"><div class="wp-block-image">
<figure class="alignleft size-large is-resized"><img decoding="async" loading="lazy" src="http://peterustinovschule.de/wp-content/uploads/2023/01/PUS-Foto-Rudolf-Heyers-758x1024.jpg" alt="" class="wp-image-2130" width="210" height="282"/><figcaption class="wp-element-caption">Rudolf Heyers</figcaption></figure></div></div>



<div class="wp-block-column is-layout-flow wp-block-column-is-layout-flow"><div class="wp-block-image">
<figure class="alignleft size-full is-resized"><img decoding="async" src="http://peterustinovschule.de/wp-content/uploads/2023/01/PUS-Foto-Gerhild-Lassen-Pradella.jpg" alt="" class="wp-image-2131" width="-18" height="-13" srcset="https://peterustinovschule.de/wp-content/uploads/2023/01/PUS-Foto-Gerhild-Lassen-Pradella.jpg 451w, https://peterustinovschule.de/wp-content/uploads/2023/01/PUS-Foto-Gerhild-Lassen-Pradella-300x221.jpg 300w" sizes="(max-width: 451px) 100vw, 451px" /><figcaption class="wp-element-caption">Gerhild Lassen-Pradella</figcaption></figure></div></div>
</div>



<p><strong>Wir über uns</strong></p>



<p>Seit dem Schuljahr 2019/2020 sind Senior-Partner an der Peter-Ustinov-Schule und werden seit dem</p>



<p>Spätsommer 2020 vertreten durch uns drei: Rudolf Heyers, Sigrid Kreye, Rainer Kreye und seit Anfang 2023 verstärkt durch Gerhild Lassen-Pradella</p>



<p><strong>Wir sind da</strong></p>



<p>montags und donnerstags, jeweils von 8:50 – 13:30 (1.-4. Stunde) in den Pausen und auch während der Stunde bei Bedarf (mit Zustimmung des Lehrers/in).</p>



<p><strong>Wo</strong></p>



<p>im Raum 47 (neben dem DaZ-Bereich)</p>



<p>Email: <a href="mailto:sis@pus-eck.org">sis@pus-eck.org</a></p>



<p></p>



<p><strong>Was möchten wir</strong></p>



<p>Mit unseren Angeboten wollen wir Schülerinnen und Schülern Hilfe zur Selbsthilfe geben.</p>



<ol>
<li>Wir möchten gemeinsam Wege aus ihren Konflikten entdecken, die ohne Gewalt auskommen und stattdessen zu Lösungen führen, die alle Beteiligten zufrieden stellen.</li>



<li>Wir möchten Wege aufzeigen, die zur Entwicklung und Entfaltung ihrer persönlichen und sozialen Stärken beitragen.</li>
</ol>



<p><strong>Wir hören zu:</strong></p>



<p>geduldig, aufmerksam, wertschätzend. Dabei achten wir darauf, dass aufseiten der Schülerinnen und Schüler Gefühle, die Bedürfnisse dahinter und taugliche Ansätze zu deren Erfüllung ihren Platz bekommen.</p>



<p>Wir setzen darauf, dass unser Beitrag den Schülerinnen und Schülern den Umgang mit Belastungen und Sorgen erleichtert und sie dadurch freier für die Konzentration auf schulische Aufgaben macht.</p>



<p>Wir verstehen uns als Ergänzung zu den bereits verfügbaren Unterstützungsangeboten der PUS mit der Besonderheit, dass wir keine zeitlichen oder inhaltlichen Vorgaben zu erfüllen haben und nur dem Wohl der Schülerinnen und Schüler und ihrer Gemeinschaft verpflichtet sind. Wir sind einfach erreichbar, sichern durch Verschwiegenheit einen schützenden Gesprächsrahmen und verstehen uns auf die Haltung der Gewaltfreien Kommunikation und das Konfliktlösungsverfahren der Mediation. Wir nutzen unsere Freiheit im Einklang mit Aufgaben der Schule; dafür genießen wir deren Vertrauen.</p>



<p>„Seniorpartner in School&#8221; (SiS) ist ein gemeinnütziger Verein, der ehrenamtlich einen Beitrag zum Brückenschlag zwischen Alt und Jung leistet. Die Idee fand ihren Anfang 2001 in Berlin und weitete sich auf viele Bundesländer aus. Der Verein ermöglicht interessierten Menschen nach ihrem Erwerbsleben eine qualifizierte Grundausbildung als Schulmediator*innen nach den Richtlinien des Bundesverbands für Mediation e. V. Weitere Informationen zu SiS finden sich auf der Homepage des Bundesverbands ( https://www.seniorpartnerinschool.de ) sowie des Landesverbands Schleswig-Holstein ( http://www. sis-schleswig-holstein.de ).</p>



<p>Hier findet ihr unseren Team-Flyer:</p>



<div class="wp-block-file"><a id="wp-block-file--media-ccd2398a-6f17-417c-97ff-cfb68a52d439" href="http://peterustinovschule.de/wp-content/uploads/2023/01/Flyer-fuer-Schueler.pdf">Flyer-fuer-Schueler</a><a href="http://peterustinovschule.de/wp-content/uploads/2023/01/Flyer-fuer-Schueler.pdf" class="wp-block-file__button wp-element-button" download aria-describedby="wp-block-file--media-ccd2398a-6f17-417c-97ff-cfb68a52d439">Herunterladen</a></div>



<div class="wp-block-file"><a id="wp-block-file--media-eec92885-9f7e-4b17-8ff9-1973a8cff17f" href="http://peterustinovschule.de/wp-content/uploads/2022/09/FAQ-für-Eltern-1.pdf">FAQ-für-Eltern-1</a><a href="http://peterustinovschule.de/wp-content/uploads/2022/09/FAQ-für-Eltern-1.pdf" class="wp-block-file__button wp-element-button" download aria-describedby="wp-block-file--media-eec92885-9f7e-4b17-8ff9-1973a8cff17f">Herunterladen</a></div>



<div class="wp-block-file"><a id="wp-block-file--media-5b74c739-e1ea-4e04-a973-ef898e44e0b5" href="http://peterustinovschule.de/wp-content/uploads/2022/09/FAQ-für-Lehrkräfte.pdf">FAQ für Lehrkräfte</a><a href="http://peterustinovschule.de/wp-content/uploads/2022/09/FAQ-für-Lehrkräfte.pdf" class="wp-block-file__button wp-element-button" download aria-describedby="wp-block-file--media-5b74c739-e1ea-4e04-a973-ef898e44e0b5">Herunterladen</a></div>



<div class="wp-block-file"><a id="wp-block-file--media-10089eec-9f0a-44f8-b6e7-4f21b69f7157" href="http://peterustinovschule.de/wp-content/uploads/2022/09/FAQ-für-SchüerInnen.pdf">FAQ für SchüerInnen</a><a href="http://peterustinovschule.de/wp-content/uploads/2022/09/FAQ-für-SchüerInnen.pdf" class="wp-block-file__button wp-element-button" download aria-describedby="wp-block-file--media-10089eec-9f0a-44f8-b6e7-4f21b69f7157">Herunterladen</a></div>

<p>Wir über uns Seit dem Schuljahr 2019/2020 sind Senior-Partner an der Peter-Ustinov-Schule und werden seit dem Spätsommer 2020 vertreten durch uns drei: Rudolf Heyers, Sigrid &hellip;</p>
